{"id":44,"date":"2020-10-16T18:35:03","date_gmt":"2020-10-16T18:35:03","guid":{"rendered":"http:\/\/www.vlune.cz\/?page_id=44"},"modified":"2026-03-02T10:40:33","modified_gmt":"2026-03-02T10:40:33","slug":"o-mne","status":"publish","type":"page","link":"https:\/\/www.vlune.cz\/?page_id=44","title":{"rendered":"O mn\u011b"},"content":{"rendered":"\t\t<div data-elementor-type=\"wp-page\" data-elementor-id=\"44\" class=\"elementor elementor-44\">\n\t\t\t\t\t\t<section class=\"elementor-section elementor-top-section elementor-element elementor-element-75a42824 elementor-section-boxed elementor-section-height-default elementor-section-height-default\" data-id=\"75a42824\" data-element_type=\"section\">\n\t\t\t\t\t\t<div class=\"elementor-container elementor-column-gap-default\">\n\t\t\t\t\t<div class=\"elementor-column elementor-col-100 elementor-top-column elementor-element elementor-element-7df140f\" data-id=\"7df140f\" data-element_type=\"column\">\n\t\t\t<div class=\"elementor-widget-wrap elementor-element-populated\">\n\t\t\t\t\t\t<div class=\"elementor-element elementor-element-7b93138a elementor-widget elementor-widget-text-editor\" data-id=\"7b93138a\" data-element_type=\"widget\" data-widget_type=\"text-editor.default\">\n\t\t\t\t<div class=\"elementor-widget-container\">\n\t\t\t\t\t\t\t\t\t<p><img fetchpriority=\"high\" decoding=\"async\" class=\"size-medium wp-image-895 alignleft\" src=\"http:\/\/www.vlune.cz\/wp-content\/uploads\/2025\/11\/367412390_6468330996596324_6284563557829203091_n-1-300x300.jpg\" alt=\"\" width=\"300\" height=\"300\" srcset=\"https:\/\/www.vlune.cz\/wp-content\/uploads\/2025\/11\/367412390_6468330996596324_6284563557829203091_n-1-300x300.jpg 300w, https:\/\/www.vlune.cz\/wp-content\/uploads\/2025\/11\/367412390_6468330996596324_6284563557829203091_n-1-150x150.jpg 150w, https:\/\/www.vlune.cz\/wp-content\/uploads\/2025\/11\/367412390_6468330996596324_6284563557829203091_n-1-768x771.jpg 768w, https:\/\/www.vlune.cz\/wp-content\/uploads\/2025\/11\/367412390_6468330996596324_6284563557829203091_n-1-75x75.jpg 75w, https:\/\/www.vlune.cz\/wp-content\/uploads\/2025\/11\/367412390_6468330996596324_6284563557829203091_n-1.jpg 896w\" sizes=\"(max-width: 300px) 100vw, 300px\" \/><span style=\"letter-spacing: 0px;\">Jmenuji se Tereza No\u017ei\u010dkov\u00e1 a jsem komunitn\u00ed porodn\u00ed asistentka p\u016fsob\u00edc\u00ed v Brn\u011b a jeho bl\u00edzk\u00e9m okol\u00ed. Od roku 2016 jsem \u010dlenkou profesn\u00ed organizace Unie porodn\u00edch asistentek. Jsem tak\u00e9 \u010dlenkou <\/span><a style=\"background-color: #ffffff; letter-spacing: 0px;\" href=\"https:\/\/www.facebook.com\/profile.php?id=61560476162348\">Hn\u00edzda &#8211; skupiny komunitn\u00edch porodn\u00edch asistentek z Brna<\/a><span style=\"letter-spacing: 0px;\">.\u00a0<\/span><\/p>\n<p><!-- \/wp:paragraph --><!-- wp:paragraph --><\/p>\n<p>Sem\u00ednko pro mou cestu porodn\u00ed asistentky bylo zaseto na gymn\u00e1ziu, kdy jsem pracovala na uskute\u010dn\u011bn\u00ed vize, \u017ee se stanu d\u011btskou l\u00e9ka\u0159kou nebo gynekolo\u017ekou. Po gymn\u00e1ziu jsem za\u010dala studovat obor V\u0161eobecn\u00e9 l\u00e9ka\u0159stv\u00ed na L\u00e9ka\u0159sk\u00e9 fakult\u011b v Olomouci. Velmi brzy jsem ale pochopila, \u017ee tudy moje cesta nepovede. Studium jsem opustila a vydala jsem se pozn\u00e1vat sebe a sv\u011bt do zahrani\u010d\u00ed a posl\u00e9ze pak do Brna, kde sem\u00ednko kone\u010dn\u011b vykl\u00ed\u010dilo p\u0159edev\u0161\u00edm d\u00edky sezn\u00e1men\u00ed se s n\u011bkolika velmi inspirativn\u00edmi \u017eenami. Jednalo se o komunitn\u00ed porodn\u00ed asistentky, \u017eeny p\u016fsob\u00edc\u00ed v Unii porodn\u00edch asistentek a kolem festivalu Aktivn\u00ed rodi\u010dovstv\u00ed. Poslouchala jsem jejich porodn\u00ed p\u0159\u00edb\u011bhy, a\u0165 u\u017e se v nich nach\u00e1zely v roli p\u0159\u00edjemky\u0148 p\u00e9\u010de \u010di poskytovatelek p\u00e9\u010de, s velik\u00fdm nad\u0161en\u00edm. S\u00edla porodu m\u011b natolik p\u0159itahovala, \u017ee jsem zatou\u017eila b\u00fdt v jej\u00ed bl\u00edzkosti. V roli t\u00e9, kter\u00e1 podpo\u0159\u00ed \u017eenu na jej\u00ed cest\u011b mate\u0159stv\u00edm, t\u00e9, kter\u00e1 podpo\u0159\u00ed celou rodinu&#8230;<\/p>\n<p><!-- \/wp:paragraph --><!-- wp:paragraph --><\/p>\n<p>Absolvovala jsem tedy p\u0159ij\u00edmac\u00ed zkou\u0161ky do vysoko\u0161kolsk\u00e9ho studia porodn\u00ed asistence na Masarykov\u011b univerzit\u011b v Brn\u011b a proto\u017ee jsem pochopila, \u017ee n\u011bkter\u00e1 profesn\u00ed p\u0159\u00e1n\u00ed jsou sn\u00e1ze uskute\u010dniteln\u00e1 pro skupinu lid\u00ed sp\u00ed\u0161 ne\u017e pro jednotlivce, za\u010dala jsem pracovat v profesn\u00ed organizaci <a href=\"http:\/\/www.unipa.cz\">Unie porodn\u00edch asistentek<\/a> (jedn\u00e1 se o neziskovou organizaci r\u016fzn\u00fdmi zp\u016fsoby podporuj\u00edc\u00ed porodn\u00ed asistentky, studentky porodn\u00ed asistence a rodi\u010de). V letech 2016-2023 jsem v Unip\u011b pom\u00e1hala s organizac\u00ed vzd\u011bl\u00e1vac\u00edch semin\u00e1\u0159\u016f pro porodn\u00ed asistentky, s kancel\u00e1\u0159skou prac\u00ed a s \u00fapravou webu. Nyn\u00ed u\u017e v Unip\u011b nepracuji (jsem ale \u0159\u00e1dnou \u010dlenkou).\u00a0<\/p>\n<p><!-- \/wp:paragraph --><!-- wp:paragraph --><\/p>\n<p>B\u011bhem studia porodn\u00ed asistence jsem se pr\u016fb\u011b\u017en\u011b \u00fa\u010dastnila r\u016fzn\u00fdch semin\u00e1\u0159\u016f pro porodn\u00ed asistentky, chod\u00edvala na praxi do Fakultn\u00ed nemocnice Brno na pracovi\u0161t\u011b Obiln\u00ed trh (ob\u010das tak\u00e9 na pracovi\u0161t\u011b Bohunice), poda\u0159ilo se mi nakouknout do porodnice ve Vy\u0161kov\u011b a b\u00fdt p\u0159\u00edtomna tak\u00e9 i u n\u011bkolika dom\u00e1c\u00edch porod\u016f. Absolvovala jsem mas\u00e9rsk\u00e9 vzd\u011bl\u00e1n\u00ed a n\u011bjakou dobu pracovala jako mas\u00e9rka v brn\u011bnsk\u00e9m Mamicentru p\u0159i studiu porodn\u00ed asistence.<\/p>\n<p><!-- \/wp:paragraph --><!-- wp:paragraph --><\/p>\n<p>Po absolvov\u00e1n\u00ed studia (jaro 2020) jsem se rozhodla zaregistrovat se jako soukrom\u00e1 porodn\u00ed asistentka a poskytovat tak p\u00e9\u010di zp\u016fsobem, kter\u00fd mi p\u0159irostl k srdci &#8211; v ter\u00e9nu, komplexn\u011b, kontinu\u00e1ln\u011b. P\u00e9\u010di poskytuji p\u0159ev\u00e1\u017en\u011b v dom\u00e1c\u00edm prost\u0159ed\u00ed klientek, jako konzultuj\u00edc\u00ed porodn\u00ed asistentka jsem ale \u017eeny v r\u00e1mci vlastn\u00ed praxe doprovodila i do porodnice FN Brno na Obiln\u00edm trhu, k Milosrdn\u00fdm brat\u0159\u00edm, do porodnice ve Vy\u0161kov\u011b, v Boskovic\u00edch, v Olomouci a v Uhersk\u00e9m Hradi\u0161ti.\u00a0<\/p>\n<p><!-- \/wp:paragraph --><!-- wp:paragraph --><\/p>\n<p>Obdivuji prom\u011bnu \u017een proch\u00e1zej\u00edc\u00edch t\u011bhotenstv\u00edm, porodem, \u0161estined\u011bl\u00edm. K porodn\u00edmu procesu p\u0159istupuji s pokorou a \u00factou. Fascinuje m\u011b to, jak ka\u017edi\u010dk\u00fd porod dok\u00e1\u017ee p\u0159iv\u00e9st p\u0159\u00edtomn\u00e9 do absolutn\u011b bd\u011bl\u00e9ho stavu, kdy nic jin\u00e9ho v tu chv\u00edli neexistuje.<\/p>\n<p><!-- \/wp:paragraph --><!-- wp:paragraph --><\/p>\n<p>Velmi r\u00e1da p\u0159i p\u00e9\u010di vyu\u017e\u00edv\u00e1m aromaterapii, nap\u00e1\u0159ku, mas\u00e1\u017ee, vyku\u0159ovadla, reboza, \u0161\u00e1tky, tinktury, homeopatii.<\/p>\n<p>Pravideln\u011b se \u00fa\u010dastn\u00edm superviz\u00ed v r\u00e1mci supervizn\u00ed skupiny pro porodn\u00ed asistentky v Brn\u011b pod veden\u00edm Jolany Buckov\u00e9.<\/p>\n<p>Vedu si statistiku poskytovan\u00e9 p\u00e9\u010de, kterou na konci ka\u017ed\u00e9ho roku vyhodnocuji sama pro sebe. Z\u00e1rove\u0148 v\u00fdsledky sv\u00e9 p\u00e9\u010de zahrnuji tak\u00e9 do statistiky Hn\u00edzda &#8211; tyto v\u00fdsledky ve\u0159ejn\u011b prezentujeme od kv\u011btna 2025.\u00a0<\/p>\n<p>Aktu\u00e1ln\u011b vypom\u00e1h\u00e1m s koordinac\u00ed online vzd\u011bl\u00e1v\u00e1n\u00ed pro <a href=\"https:\/\/www.perinatalniztrata.cz\/\">T\u00fdm perinat\u00e1ln\u00ed ztr\u00e1ty UNIPA<\/a> a s d\u00edl\u010d\u00edmi \u00fakoly vztahuj\u00edc\u00edmi se ke vzd\u011bl\u00e1vac\u00edmu <a href=\"https:\/\/unipa.cz\/obchod\/kurzy\/pece-porodni-asistentky-o-zenu-a-novorozence-v-sestinedeli-cyklus-1\/\">Cyklu poporodn\u00ed p\u00e9\u010de UNIPA<\/a>.\u00a0<\/p>\n<p>Nyn\u00ed jsem frekventantkou certifikovan\u00e9ho kurzu pro lakta\u010dn\u00ed poradkyn\u011b <a href=\"https:\/\/www.mamila.sk\/sk\/uvod\/\">Mamila<\/a>.\u00a0<\/p>\n<p><!-- \/wp:paragraph --><!-- wp:paragraph --><\/p>\n<p><!-- \/wp:paragraph --><!-- wp:paragraph --><\/p>\n<p><!-- \/wp:paragraph --><!-- wp:paragraph --><\/p>\n<p><!-- \/wp:paragraph --><!-- wp:paragraph --><\/p>\n<p>V\u00edce informac\u00ed o m\u00e9m absolvovan\u00e9m vzd\u011bl\u00e1n\u00ed najdete <a href=\"http:\/\/vlune.cz\/?page_id=196\">tady<\/a>.<\/p>\n<p><!-- \/wp:paragraph --><!-- wp:paragraph --><\/p>\n<p><!-- \/wp:paragraph --><\/p>\n<p>\u00a0<\/p>\t\t\t\t\t\t\t\t<\/div>\n\t\t\t\t<\/div>\n\t\t\t\t\t<\/div>\n\t\t<\/div>\n\t\t\t\t\t<\/div>\n\t\t<\/section>\n\t\t\t\t<\/div>\n\t\t","protected":false},"excerpt":{"rendered":"<p>Jmenuji se Tereza No\u017ei\u010dkov\u00e1 a jsem komunitn\u00ed porodn\u00ed asistentka p\u016fsob\u00edc\u00ed v Brn\u011b a jeho bl\u00edzk\u00e9m okol\u00ed. Od roku 2016 jsem \u010dlenkou profesn\u00ed organizace Unie porodn\u00edch asistentek. Jsem tak\u00e9 \u010dlenkou Hn\u00edzda &#8211; skupiny komunitn\u00edch porodn\u00edch asistentek z Brna.\u00a0 Sem\u00ednko pro mou cestu porodn\u00ed asistentky bylo zaseto na gymn\u00e1ziu, kdy jsem pracovala na uskute\u010dn\u011bn\u00ed vize, \u017ee se stanu d\u011btskou l\u00e9ka\u0159kou nebo gynekolo\u017ekou. Po gymn\u00e1ziu jsem za\u010dala studovat obor V\u0161eobecn\u00e9 l\u00e9ka\u0159stv\u00ed na L\u00e9ka\u0159sk\u00e9 fakult\u011b v Olomouci. Velmi brzy jsem ale pochopila, \u017ee tudy moje cesta nepovede. Studium jsem opustila a vydala jsem se pozn\u00e1vat sebe a sv\u011bt do zahrani\u010d\u00ed a posl\u00e9ze pak do Brna, kde sem\u00ednko kone\u010dn\u011b vykl\u00ed\u010dilo p\u0159edev\u0161\u00edm d\u00edky sezn\u00e1men\u00ed se s n\u011bkolika velmi inspirativn\u00edmi \u017eenami. Jednalo se o komunitn\u00ed porodn\u00ed asistentky, \u017eeny p\u016fsob\u00edc\u00ed v Unii porodn\u00edch asistentek a kolem festivalu Aktivn\u00ed rodi\u010dovstv\u00ed. Poslouchala jsem jejich porodn\u00ed p\u0159\u00edb\u011bhy, a\u0165 u\u017e se v nich nach\u00e1zely v roli p\u0159\u00edjemky\u0148 p\u00e9\u010de \u010di poskytovatelek p\u00e9\u010de, s velik\u00fdm nad\u0161en\u00edm. S\u00edla porodu m\u011b natolik p\u0159itahovala, \u017ee jsem zatou\u017eila b\u00fdt v jej\u00ed bl\u00edzkosti. V roli t\u00e9, kter\u00e1 podpo\u0159\u00ed \u017eenu na jej\u00ed cest\u011b mate\u0159stv\u00edm, t\u00e9, kter\u00e1 podpo\u0159\u00ed celou rodinu&#8230; Absolvovala jsem tedy p\u0159ij\u00edmac\u00ed zkou\u0161ky do vysoko\u0161kolsk\u00e9ho studia porodn\u00ed asistence na Masarykov\u011b univerzit\u011b v Brn\u011b a proto\u017ee jsem pochopila, \u017ee n\u011bkter\u00e1 profesn\u00ed p\u0159\u00e1n\u00ed jsou sn\u00e1ze uskute\u010dniteln\u00e1 pro skupinu lid\u00ed sp\u00ed\u0161 ne\u017e pro jednotlivce, za\u010dala jsem pracovat v profesn\u00ed organizaci Unie porodn\u00edch asistentek (jedn\u00e1 se o neziskovou organizaci r\u016fzn\u00fdmi zp\u016fsoby podporuj\u00edc\u00ed porodn\u00ed asistentky, studentky porodn\u00ed asistence a rodi\u010de). V letech 2016-2023 jsem v Unip\u011b pom\u00e1hala s organizac\u00ed vzd\u011bl\u00e1vac\u00edch semin\u00e1\u0159\u016f pro porodn\u00ed asistentky, s kancel\u00e1\u0159skou prac\u00ed a s \u00fapravou webu. Nyn\u00ed u\u017e v Unip\u011b nepracuji (jsem ale \u0159\u00e1dnou \u010dlenkou).\u00a0 B\u011bhem studia porodn\u00ed asistence jsem se pr\u016fb\u011b\u017en\u011b \u00fa\u010dastnila r\u016fzn\u00fdch semin\u00e1\u0159\u016f pro porodn\u00ed asistentky, chod\u00edvala na praxi do Fakultn\u00ed nemocnice Brno na pracovi\u0161t\u011b Obiln\u00ed trh (ob\u010das tak\u00e9 na pracovi\u0161t\u011b Bohunice), poda\u0159ilo se mi nakouknout do porodnice ve Vy\u0161kov\u011b a b\u00fdt p\u0159\u00edtomna tak\u00e9 i u n\u011bkolika dom\u00e1c\u00edch porod\u016f. Absolvovala jsem mas\u00e9rsk\u00e9 vzd\u011bl\u00e1n\u00ed a n\u011bjakou dobu pracovala jako mas\u00e9rka v brn\u011bnsk\u00e9m Mamicentru p\u0159i studiu porodn\u00ed asistence. Po absolvov\u00e1n\u00ed studia (jaro 2020) jsem se rozhodla zaregistrovat se jako soukrom\u00e1 porodn\u00ed asistentka a poskytovat tak p\u00e9\u010di zp\u016fsobem, kter\u00fd mi p\u0159irostl k srdci &#8211; v ter\u00e9nu, komplexn\u011b, kontinu\u00e1ln\u011b. P\u00e9\u010di poskytuji p\u0159ev\u00e1\u017en\u011b v dom\u00e1c\u00edm prost\u0159ed\u00ed klientek, jako konzultuj\u00edc\u00ed porodn\u00ed asistentka jsem ale \u017eeny v r\u00e1mci vlastn\u00ed praxe doprovodila i do porodnice FN Brno na Obiln\u00edm trhu, k Milosrdn\u00fdm brat\u0159\u00edm, do porodnice ve Vy\u0161kov\u011b, v Boskovic\u00edch, v Olomouci a v Uhersk\u00e9m Hradi\u0161ti.\u00a0 Obdivuji prom\u011bnu \u017een proch\u00e1zej\u00edc\u00edch t\u011bhotenstv\u00edm, porodem, \u0161estined\u011bl\u00edm. K porodn\u00edmu procesu p\u0159istupuji s pokorou a \u00factou. Fascinuje m\u011b to, jak ka\u017edi\u010dk\u00fd porod dok\u00e1\u017ee p\u0159iv\u00e9st p\u0159\u00edtomn\u00e9 do absolutn\u011b bd\u011bl\u00e9ho stavu, kdy nic jin\u00e9ho v tu chv\u00edli neexistuje. Velmi r\u00e1da p\u0159i p\u00e9\u010di vyu\u017e\u00edv\u00e1m aromaterapii, nap\u00e1\u0159ku, mas\u00e1\u017ee, vyku\u0159ovadla, reboza, \u0161\u00e1tky, tinktury, homeopatii. Pravideln\u011b se \u00fa\u010dastn\u00edm superviz\u00ed v r\u00e1mci supervizn\u00ed skupiny pro porodn\u00ed asistentky v Brn\u011b pod veden\u00edm Jolany Buckov\u00e9. Vedu si statistiku poskytovan\u00e9 p\u00e9\u010de, kterou na konci ka\u017ed\u00e9ho roku vyhodnocuji sama pro sebe. Z\u00e1rove\u0148 v\u00fdsledky sv\u00e9 p\u00e9\u010de zahrnuji tak\u00e9 do statistiky Hn\u00edzda &#8211; tyto v\u00fdsledky ve\u0159ejn\u011b prezentujeme od kv\u011btna 2025.\u00a0 Aktu\u00e1ln\u011b vypom\u00e1h\u00e1m s koordinac\u00ed online vzd\u011bl\u00e1v\u00e1n\u00ed pro T\u00fdm perinat\u00e1ln\u00ed ztr\u00e1ty UNIPA a s d\u00edl\u010d\u00edmi \u00fakoly vztahuj\u00edc\u00edmi se ke vzd\u011bl\u00e1vac\u00edmu Cyklu poporodn\u00ed p\u00e9\u010de UNIPA.\u00a0 Nyn\u00ed jsem frekventantkou certifikovan\u00e9ho kurzu pro lakta\u010dn\u00ed poradkyn\u011b Mamila.\u00a0 V\u00edce informac\u00ed o m\u00e9m absolvovan\u00e9m vzd\u011bl\u00e1n\u00ed najdete tady. \u00a0<\/p>\n","protected":false},"author":1,"featured_media":0,"parent":0,"menu_order":0,"comment_status":"closed","ping_status":"closed","template":"","meta":{"footnotes":""},"class_list":["post-44","page","type-page","status-publish","hentry"],"_links":{"self":[{"href":"https:\/\/www.vlune.cz\/index.php?rest_route=\/wp\/v2\/pages\/44","targetHints":{"allow":["GET"]}}],"collection":[{"href":"https:\/\/www.vlune.cz\/index.php?rest_route=\/wp\/v2\/pages"}],"about":[{"href":"https:\/\/www.vlune.cz\/index.php?rest_route=\/wp\/v2\/types\/page"}],"author":[{"embeddable":true,"href":"https:\/\/www.vlune.cz\/index.php?rest_route=\/wp\/v2\/users\/1"}],"replies":[{"embeddable":true,"href":"https:\/\/www.vlune.cz\/index.php?rest_route=%2Fwp%2Fv2%2Fcomments&post=44"}],"version-history":[{"count":84,"href":"https:\/\/www.vlune.cz\/index.php?rest_route=\/wp\/v2\/pages\/44\/revisions"}],"predecessor-version":[{"id":966,"href":"https:\/\/www.vlune.cz\/index.php?rest_route=\/wp\/v2\/pages\/44\/revisions\/966"}],"wp:attachment":[{"href":"https:\/\/www.vlune.cz\/index.php?rest_route=%2Fwp%2Fv2%2Fmedia&parent=44"}],"curies":[{"name":"wp","href":"https:\/\/api.w.org\/{rel}","templated":true}]}}